 prime?
False
Is 1081261 prime?
False
Is 1256369 composite?
False
Is 1303657 a composite number?
True
Is 2728945 a composite number?
True
Is 2963599 a composite number?
False
Is 11524991 a prime number?
False
Is 4694323 a composite number?
True
Is 13591117 a composite number?
False
Is 6053821 composite?
False
Is 104546921 composite?
False
Is 43331161 prime?
False
Is 219059 a prime number?
True
Is 74640883 a composite number?
False
Is 2135243 composite?
True
Is 1272809 a prime number?
False
Is 7039283 composite?
False
Is 329906 a prime number?
False
Is 126869021 composite?
True
Is 33697457 a composite number?
True
Is 1228987 a prime number?
True
Is 139285187 a composite number?
False
Is 2851 composite?
False
Is 137749835 composite?
True
Is 73114651 a composite number?
False
Is 38846319 a prime number?
False
Is 3554399 prime?
True
Is 1615093 prime?
False
Is 779107 prime?
False
Is 84796403 a composite number?
False
Is 12529471 a prime number?
True
Is 24690293 a composite number?
True
Is 155808839 a composite number?
False
Is 84824791 prime?
True
Is 9111439 prime?
False
Is 26163717 composite?
True
Is 136841 a composite number?
False
Is 10746899 a prime number?
True
Is 3957962 composite?
True
Is 43976131 a prime number?
True
Is 2742063 a composite number?
True
Is 1320881 a composite number?
False
Is 5421919 prime?
True
Is 83728199 composite?
False
Is 34729537 a composite number?
False
Is 27716299 a composite number?
True
Is 5352643 a composite number?
False
Is 2505487 a composite number?
False
Is 8418901 a composite number?
False
Is 7529359 composite?
False
Is 1417032835 a prime number?
False
Is 5222807 composite?
False
Is 21881854 a prime number?
False
Is 4585523 prime?
True
Is 74348917 prime?
False
Is 99088049 a prime number?
True
Is 78760051 composite?
False
Is 9324229 prime?
True
Is 181148203 prime?
True
Is 569698091 a prime number?
True
Is 4349473 prime?
True
Is 116891189 composite?
True
Is 2888293067 prime?
False
Is 12857789 a prime number?
False
Is 1386859 a prime number?
False
Is 13488785 a prime number?
False
Is 2824781 prime?
True
Is 30311417 a prime number?
True
Is 1888153 a prime number?
False
Is 12303763 prime?
True
Is 9765361 a prime number?
False
Is 2009929 prime?
False
Is 46647263 composite?
True
Is 201713 a composite number?
True
Is 1142873 a prime number?
False
Is 4508323 a composite number?
True
Is 27879853 composite?
True
Is 1163221 a composite number?
False
Is 3017649 a prime number?
False
Is 3732934 a prime number?
False
Is 992705037 a prime number?
False
Is 3398399 a composite number?
False
Is 617990027 prime?
False
Is 1731180163 composite?
False
Is 209665663 a composite number?
False
Is 41602597 a composite number?
False
Is 1453817 a prime number?
True
Is 118209617 composite?
True
Is 5350781 prime?
True
Is 18702103 composite?
True
Is 13754677 composite?
True
Is 207129707 composite?
True
Is 5305459 composite?
True
Is 4258637 a prime number?
False
Is 4479071 a prime number?
True
Is 186416995 a prime number?
False
Is 51242461 a composite number?
True
Is 5578277 a prime number?
True
Is 38365277 composite?
True
Is 96701866 a composite number?
True
Is 32322343 prime?
True
Is 7966551 composite?
True
Is 18360239 prime?
False
Is 6374611 a prime number?
False
Is 9833927 a composite number?
False
Is 511983146 a prime number?
False
Is 148802765 prime?
False
Is 1138211 a composite number?
True
Is 182451403 a prime number?
False
Is 325120619 composite?
False
Is 20322299 a prime number?
True
Is 57602689 composite?
True
Is 23695517 a composite number?
False
Is 552210341 a prime number?
True
Is 5345543 prime?
False
Is 699319 prime?
True
Is 60737639 composite?
True
Is 67540787 a prime number?
True
Is 2403761 a prime number?
False
Is 171124139 a composite number?
False
Is 15930977 a prime number?
True
Is 1673491 composite?
True
Is 69906017 composite?
True
Is 95253493 a prime number?
True
Is 144603763 a prime number?
True
Is 501105733 a composite number?
False
Is 252208694 composite?
True
Is 2599321 a composite number?
False
Is 2141117 prime?
False
Is 2296429 prime?
False
Is 18600287 a prime number?
True
Is 13977581 a prime number?
True
Is 10928507 prime?
True
Is 16592861 a composite number?
False
Is 4404199 a prime number?
False
Is 336694 prime?
False
Is 4366847 a composite number?
False
Is 135167369 prime?
True
Is 884111 a prime number?
True
Is 28085377 a composite number?
True
Is 167550361 a prime number?
False
Is 8036681 a prime number?
True
Is 250993919 composite?
True
Is 33005093 composite?
True
Is 83310913 a composite number?
True
Is 817073 composite?
False
Is 6028699 prime?
True
Is 739493 a composite number?
False
Is 116213 a prime number?
False
Is 25785557 a prime number?
False
Is 11788061 a prime number?
True
Is 17715427 prime?
True
Is 40161913 a composite number?
True
Is 2813833 a prime number?
False
Is 33653119 a composite number?
False
Is 346162 prime?
False
Is 61793339 a composite number?
True
Is 715991 a composite number?
False
Is 5888335 a prime number?
False
Is 1472351 composite?
True
Is 191360809 composite?
True
Is 19474699 a composite number?
False
Is 1353631313 composite?
True
Is 65072191 prime?
False
Is 7873787 a prime number?
True
Is 1735015 prime?
False
Is 4327711 composite?
False
Is 242839801 a prime number?
True
Is 53824105 prime?
False
Is 8492801 composite?
True
Is 18120287 prime?
True
Is 146208651 prime?
False
Is 7593385 composite?
True
Is 23384059 a prime number?
False
Is 1058347 a composite number?
True
Is 476867 a composite number?
True
Is 1759919 composite?
True
Is 33122519 a prime number?
True
Is 217272541 a prime number?
False
Is 2919737 prime?
False
Is 252580421 composite?
False
Is 94024921 a prime number?
True
Is 296246251 a composite number?
True
Is 6945397 composite?
False
Is 366486869 prime?
False
Is 1191171 a composite number?
True
Is 121761971 a composite number?
False
Is 18337505 a composite number?
True
Is 809789 a prime number?
False
Is 3704941 a prime number?
True
Is 90382623 a prime number?
False
Is 17156021 a prime number?
True
Is 132835061 prime?
False
Is 4666633 composite?
False
Is 391033 composite?
True
Is 74882867 prime?
True
Is 6845765 composite?
True
Is 884003 a prime number?
True
Is 67151561 composite?
False
Is 16603943 a prime number?
True
Is 68425519 a prime number?
True
Is 1660291 a composite number?
True
Is 19984633 composite?
False
Is 15587477 composite?
True
Is 23867223 prime?
False
Is 5423293 composite?
True
Is 261894713 a prime number?
False
Is 17145383 prime?
False
Is 62830481 composite?
True
Is 355848653 a prime number?
True
Is 388633643 a prime number?
True
Is 27185489 composite?
True
Is 6473063 composite?
True
Is 80516939 a prime number?
True
Is 23658461 a composite number?
True
Is 28418069 prime?
False
Is 245555103 a prime number?
False
Is 35661313 a prime number?
True
Is 83531051 prime?
True
Is 4635641 a composite number?
True
Is 14517863 prime?
False
Is 301534043 a prime number?
False
Is 19802633 composite?
False
Is 3502253 prime?
True
Is 25997513 a prime number?
True
Is 160072513 prime?
True
Is 14881231 prime?
False
Is 173501 prime?
True
Is 314444909 a composite number?
False
Is 81701105 a composite number?
True
Is 56855501 a prime number?
True
Is 101501467 a prime number?
True
Is 27378374 composite?
True
Is 11658359 a composite number?
False
Is 44640073 a composite number?
False
Is 468023 composite?
True
Is 6513497 a composite number?
False
Is 295745 composite?
True
Is 77763337 prime?
True
Is 32240333 a prime number?
False
Is 40678141 composite?
True
Is 2314013 prime?
False
Is 12575977 a prime number?
True
Is 8426689 prime?
False
Is 3735997 a composite number?
True
Is 12127957 a composite number?
False
Is 4634173 a composite number?
False
Is 1189891453 a composite number?
True
Is 45788221 a prime number?
False
Is 549137363 composite?
True
Is 1949527 a composite number?
False
Is 41693243 a composite number?
False
Is 3343337 a prime number?
True
Is 3874193 composite?
False
Is 313997998 a prime number?
False
Is 139091 a prime number?
True
Is 11899817 composite?
False
Is 31435673 composite?
False
Is 2436859 a composite number?
False
Is 8185897 a composite number?
False
Is 6968473 prime?
True
Is 236023949 prime?
False
Is 45523271 composite?
True
Is 93085 a prime number?
False